 of 13 and 176345.
13
What is the highest common factor of 614050 and 550?
50
Calculate the greatest common factor of 3435 and 45.
15
What is the greatest common factor of 1242 and 138?
138
What is the greatest common divisor of 902 and 5162597?
451
What is the greatest common divisor of 30548 and 35?
7
What is the greatest common factor of 78 and 9447?
3
What is the highest common factor of 62713 and 279?
31
What is the highest common factor of 1694 and 707?
7
Calculate the greatest common divisor of 227118 and 30.
6
Calculate the greatest common factor of 386 and 23353.
193
Calculate the highest common divisor of 230095 and 51.
17
Calculate the highest common factor of 4528 and 128.
16
Calculate the greatest common factor of 2000 and 5300.
100
What is the highest common divisor of 14 and 1758526?
14
What is the greatest common factor of 50 and 1227025?
25
Calculate the highest common factor of 563027 and 76.
19
Calculate the highest common factor of 218 and 121535.
109
What is the greatest common divisor of 1077940 and 260?
20
Calculate the greatest common divisor of 480 and 61440.
480
Calculate the highest common divisor of 369 and 47273.
41
Calculate the highest common factor of 1023 and 314402.
341
Calculate the highest common divisor of 5467 and 4202.
11
Calculate the highest common factor of 48 and 68262.
6
Calculate the greatest common factor of 3276 and 6760.
52
What is the highest common divisor of 291821 and 57?
19
What is the highest common factor of 12185 and 10?
5
Calculate the greatest common factor of 46758 and 6.
6
What is the highest common factor of 162668 and 88?
44
What is the highest common divisor of 7238461 and 458?
229
Calculate the greatest common factor of 84 and 10032.
12
What is the highest common factor of 2184 and 101829?
273
Calculate the greatest common factor of 16003 and 169.
13
What is the greatest common divisor of 17 and 4150227?
17
Calculate the greatest common divisor of 9585 and 3408.
213
What is the highest common factor of 9761575 and 25?
25
Calculate the highest common divisor of 251190 and 15.
15
Calculate the highest common factor of 2049348 and 21.
21
Calculate the greatest common divisor of 78 and 7674.
6
Calculate the highest common factor of 448 and 34272.
224
Calculate the greatest common factor of 3782 and 3904.
122
Calculate the greatest common divisor of 858756 and 96.
12
What is the highest common divisor of 420 and 3390?
30
What is the greatest common divisor of 418 and 7676?
38
Calculate the greatest common divisor of 139008 and 1104.
48
Calculate the greatest common factor of 177 and 39471.
177
Calculate the highest common factor of 28 and 33334.
14
Calculate the greatest common divisor of 7860 and 1920.
60
Calculate the highest common divisor of 410 and 40.
10
What is the highest common factor of 665508 and 372?
372
What is the greatest common divisor of 3712 and 43136?
128
Calculate the greatest common factor of 22201 and 447.
149
Calculate the greatest common factor of 212036 and 2196.
244
What is the greatest common factor of 686 and 1538698?
686
Calculate the greatest common divisor of 75 and 15735.
15
What is the greatest common factor of 2988 and 1148886?
1494
What is the highest common divisor of 720 and 10880?
80
What is the highest common factor of 4 and 49004?
4
What is the greatest common divisor of 1393819 and 581?
581
Calculate the greatest common factor of 52041 and 57.
57
What is the highest common factor of 474 and 146308?
158
What is the greatest common factor of 2160925 and 610?
305
What is the greatest common divisor of 23452 and 312?
52
What is the greatest common divisor of 2162 and 10246?
94
What is the highest common factor of 13060 and 320?
20
Calculate the greatest common factor of 32935 and 385.
35
Calculate the greatest common factor of 72 and 2637.
9
Calculate the greatest common factor of 1623 and 7033.
541
What is the greatest common factor of 940 and 1783556?
188
What is the greatest common divisor of 1419 and 13545?
129
Calculate the highest common divisor of 19328 and 5312.
64
What is the greatest common factor of 559 and 415337?
559
What is the greatest common factor of 759702 and 3975?
159
Calculate the greatest common divisor of 258 and 62574.
6
What is the greatest common factor of 4281 and 153?
3
Calculate the highest common factor of 99127 and 6647.
289
What is the highest common factor of 34043 and 9809?
577
Calculate the highest common divisor of 76646 and 304.
38
What is the greatest common factor of 20790 and 1755?
135
Calculate the greatest common divisor of 1406 and 228.
38
Calculate the greatest common factor of 27808 and 3168.
352
Calculate the highest common divisor of 56 and 17800.
8
Calculate the highest common factor of 189 and 241059.
21
Calculate the highest common factor of 871002 and 1386.
198
What is the highest common divisor of 81 and 96336?
27
What is the highest common divisor of 98 and 65774?
2
Calculate the highest common factor of 37075 and 525.
25
Calculate the highest common factor of 8176 and 490.
14
Calculate the highest common divisor of 158 and 252800.
158
What is the greatest common factor of 1587537 and 791?
791
What is the highest common divisor of 40 and 284710?
10
Calculate the greatest common factor of 154 and 67998.
14
What is the highest common factor of 25 and 775?
25
Calculate the greatest common divisor of 51223 and 12452.
283
What is the greatest common factor of 2010 and 89646?
402
Calculate the highest common factor of 4205 and 15.
5
What is the greatest common factor of 23680 and 610?
10
Calculate the highest common factor of 256 and 1207424.
128
What is the greatest common divisor of 1005001 and 94?
47
What is the greatest common divisor of 154972 and 68?
68
Calculate the greatest common factor of 10 and 1606585.
5
What is the highest common factor of 106959 and 3?
3
What is the highest common divisor of 5394 and 2701495?
899
Calculate the greatest common divisor of 30 and 3550.
10
What is the highest common factor of 115 and 160?
5
Calculate the greatest common divisor of 1644840 and 17280.
1080
Calculate the greatest common factor of 1401 and 104141.
467
What is the highest common divisor of 55 and 16148?
11
What is the greatest common divisor of 833 and 2261?
119
Calculate the highest common factor of 56 and 2401376.
8
What is the highest common factor of 166713 and 366?
183
What is the highest common divisor of 3172 and 1597102?
1586
Calculate the highest common divisor of 15308 and 1892.
172
What is the highest common divisor of 446712 and 336?
168
Calculate the greatest common factor of 601704 and 732.
732
Calculate the highest common factor of 1997700 and 240.
60
What is the highest common factor of 1998 and 116748?
54
What is the greatest common factor of 378 and 11736?
18
What is the highest common factor of 1829 and 124?
31
What is the greatest common divisor of 2008 and 776?
8
What is the greatest common factor of 1465884 and 7?
7
What is the highest common factor of 1136 and 19099?
71
Calculate the highest common factor of 446 and 206498.
446
Calculate the greatest common divisor of 14 and 22623202.
14
What is the greatest common divisor of 9 and 35838?
9
What is the highest common factor of 285957 and 6408?
801
Calculate the greatest common divisor of 80 and 174256.
16
Calculate the highest common factor of 34668 and 72.
36
What is the greatest common divisor of 2287200 and 12?
12
Calculate the greatest common divisor of 37741 and 32120.
803
Calculate the highest common factor of 5795027 and 157.
157
What is the highest common divisor of 225 and 83925?
225
Calculate the greatest common divisor of 75388 and 2491.
47
What is the greatest common divisor of 4055 and 302503?
811
What is the greatest common factor of 66960 and 7296?
48
What is the greatest common divisor of 93 and 1172792?
31
Calculate the highest common divisor of 305000 and 1750.
250
What is the highest common factor of 1608930 and 118?
118
What is the highest common factor of 220 and 22979?
11
Calculate the greatest common divisor of 41 and 155513.
41
What is the highest common factor of 2541 and 3003?
231
What is the greatest common factor of 88 and 2068?
44
What is the highest common factor of 4 and 6838?
2
What is the